*g**2 - 6*g - 27. What is h(2)?
5
Let z(g) = -4*g**2 - 17*g. Let n(w) = -13*w**2 - 50*w - 1. Let r(l) = n(l) - 3*z(l). Suppose 0 = -0*i - 4*i + 4*a - 4, 0 = -2*i + a - 4. Determine r(i).
-13
Let l(h) = h**2 + 3*h + 2. Let t be (-2)/4 - 18/(-12). Let y be (t/(-1))/((-1644)/234 - -7). Let n be y/(-26)*8/3. Calculate l(n).
6
Let z be -26 - ((-4)/10)/(6/60). Let k(s) = -s**3 - 21*s**2 + 21*s - 4. Calculate k(z).
18
Suppose 62 - 14 = 6*d. Let n = d - 3. Suppose n*s - 81 = 14*s. Let z(g) = g**3 + 8*g**2 - 11*g - 8. Determine z(s).
10
Let n(q) = -q**3 + 7*q**2 + q - 14. Let c be n(5). Let s = c + -37. Suppose j - 15 = -s*j. Let z(d) = d**3 - 2*d**2 - 3*d + 4. Determine z(j).
4
Let x(t) = 2*t + 1. Suppose 7*u - 57 = 979. Suppose -158*v + 20 = -u*v. Give x(v).
5
Let o = -8 - -10. Let z(n) = -n**3 - n + 2422*n**2 + 2*n**3 + 6 - 2424*n**2. Let s be z(o). Let m(j) = -j - 5. Calculate m(s).
-9
Let s(h) be the first derivative of -5*h**3/3 + 27*h**2/2 + 6*h - 726. Determine s(6).
-12
Let y = -41 - -44. Suppose -234 = -3*b + 3*w, y*b + w = -0*w + 242. Let o = -72 + b. Let n(l) = 3*l - 8. Give n(o).
16
Let n = -2950 + 2954. Let v(m) = m - 1. Give v(n).
3
Let s be 6/15*40/24 - (-28)/(-6). Suppose -l - 2*l + 3*p - 24 = 0, 5 = 5*p. Let a(w) = -w**2 - 2. Let q(h) = h**2 + 1. Let b(k) = l*q(k) + s*a(k). Give b(-1).
-2
Suppose -15*o = -14 + 40 + 19. Let c(k) = k**2 + 6*k + 7. Give c(o).
-2
Let d = 351 - 348. Let g(i) = -2*i**d - 2*i**2 + 2*i + 9 - 3 - 8 + 0. Calculate g(2).
-22
Let y(k) = -k**3 - 4*k**2 + 14*k. Let w = 6443 - 6450. What is y(w)?
49
Let p(r) = -68*r**3 + 20*r**2 - r + 149. Let i(v) = -13*v**3 + 4*v**2 + 29. Let w(c) = -21*i(c) + 4*p(c). Determine w(5).
-8
Let x(r) = -4*r**2 - 8*r - 3. Let h be 75/9 - (-4)/6 - 3. Let a(y) = h + 7 + 9*y + 5*y**2 - 10. Let q(s) = 5*a(s) + 6*x(s). Give q(3).
-3
Suppose 5*q - 13 = 2*g, 0*g - 2*q = 3*g - 28. Let p(f) = f**3 - 1 + 7*f**3 - f - g*f**3 + 3*f**2 - 3*f**3. Calculate p(3).
-4
Let f(v) = -4*v - v + 801869 - 801865. Suppose -2*s + 2*d = -4 + 2, -5*s - 5*d + 35 = 0. Give f(s).
-16
Suppose -12 = -4*h - 4. Suppose h*m = m - f - 22, 56 = -3*m - f. Let c(d) = 10*d - 9. Let k(z) = -29*z + 26. Let b(a) = m*c(a) - 6*k(a). Calculate b(2).
5
Suppose 90*g + 18*g = 12*g - 192. Let m(j) = -j**2 - 6*j + 1. Let v(d) = -d. Let i(t) = m(t) - 6*v(t). Give i(g).
-3
Let y(b) = -7*b + 5*b + 20 + 10 - b. Let d be y(9). Let n(s) = -160 + 160 - d*s**2 + 2*s**2 + s. What is n(4)?
-12
Let h(n) = -n**3 - n**2 - n + 2. Let k(u) = 2*u**2 + 7*u + 8. Let s(i) = -17*i + 100. Let y be s(6). Let m be k(y). Calculate h(m).
-12
Let m(j) = 0 + 3 - 3 - 3 - 126*j + 131*j + j**2. Calculate m(-10).
47
Let p = -11 - -51. Let t = p - 50. Let n = 17 + t. Let b(m) = -m**3 + 7*m**2 + m - 10. What is b(n)?
-3
Suppose 0 = -3*o + 2*o + 5, -3*o = -3*d + 621. Let i be d/26 - (-16)/(-104). Let y(r) = 2*r + 4 + 3 - i. Determine y(3).
5
Let t = -95 + 159. Let k = t - 64. Suppose k = 2*g + 4*w + 22, -g + 3*g + w = -10. Let x(s) = s**3 + 4*s**2 - 3*s + 2. What is x(g)?
20
Let n(f) = 18*f + 45. Let o(u) = -97*u - 226. Let l(q) = 11*n(q) + 2*o(q). What is l(-10)?
3
Let q(y) = -78*y + 36. Let x be q(3). Let g = 193 + x. Let d(b) = -b**3 - 4*b**2 + 7*b + 4. Give d(g).
-6
Let k(s) = 8*s - 25*s + 19*s + 9. Let b(a) = a**3 - 9*a**2 - 2*a + 12. Let f be b(9). Determine k(f).
-3
Let i be -2 - (0 - (3 - -1)). Let j(u) = 4*u - 2*u**i - 1 + u**2 - 1. Let t(x) = 82*x + 5743. Let f be t(-70). What is j(f)?
1
Suppose 1058*h + 28 = 1062*h. Let w(u) = u**3 - 5*u**2 - 2*u - 7. What is w(h)?
77
Suppose 74*v + 16 = -91 - 41. Let m(u) = -5*u**2 - 2*u - 2. Determine m(v).
-18
Let v = -72 + 74. Let l(c) = 3 + 8332*c**v + 7*c + 7 - 8331*c**2. Determine l(-4).
-2
Let t(p) = -2*p**2 - 23*p + 22. Suppose -3*l + 5*l - 2*j = -12, -6 = 3*l - 5*j. Determine t(l).
10
Let t = 471 + -468. Let k(r) = 2077*r - t - 4162*r + 2086*r. Calculate k(6).
3
Let k(y) be the first derivative of y**3/3 + 7*y**2/2 + 2*y + 1. Let o be 3/(((-8)/(-6))/(-4))*16/24. Calculate k(o).
-4
Let o = -411 - -413. Let q(z) = -5*z**3 - 44 + 3*z + z**o + 46 + 4*z**3. What is q(-2)?
8
Let l(m) = -m + 8. Let f be l(13). Let p(b) = -2*b**2 - 8*b + 16. What is p(f)?
6
Suppose 3*t + 2*r - 10 = -0*t, 5*t - 6 = 2*r. Suppose 1 = -n, -4*s + s + 118 = t*n. Let a(f) = -f**3 - 33*f**2 - f - f + 9 + s*f**2 + 2*f**3. What is a(-7)?
23
Suppose 11*t = 8*t + 6. Suppose -2*l - 3 = -3*l + t*i, 0 = -4*i. Let m(q) = q**2 - l*q - 4 + 9*q + 0*q. Give m(-6).
-4
Suppose 69 = -8*j + 11*j. Let o(m) = -22*m**2 + 28*m + j*m**2 - 21*m + 4. Determine o(-5).
-6
Let x(v) = -v**3 - 4*v**2 - 4*v - 2. Let f be x(-3). Let r(n) = -6 - 5*n + f + 2. Calculate r(-2).
7
Let x(k) = 2*k**3 + k - 1. Let q(l) = 3*l**3 - 8*l**2 + 9*l - 5. Let r(c) = q(c) - x(c). Let b(s) = -s + 4. Let n be b(-3). What is r(n)?
3
Let i(k) = -k**2 + 7*k - 8. Let p(h) be the first derivative of h**3/3 - 3*h**2/2 - 6*h + 11. Let n be p(-2). Suppose -n*x = -3*x - 6. Calculate i(x).
-2
Suppose -i + 68 = -4*w, -10*w + 13*w + 52 = i. Let m(s) = 13*s**2 + 4*s + 10. Let t(p) = -2*p**2 + 2*p - 2. Let j(l) = m(l) + 6*t(l). Determine j(w).
-2
Let q(u) = 34*u + 6. Let k be 67/268 + 22/(-16) - 4/(-32). Determine q(k).
-28
Let r(a) be the first derivative of a**3/3 + 19*a**2/2 + 14*a - 1361. Calculate r(-18).
-4
Let t be (-6)/(-4)*((-2)/(-10) - (-13)/(-15)). Let p(r) = 10*r**3 + r**2 - 1. Give p(t).
-10
Let p be 2/(-10)*2 + 8184/310. Let v(a) = -10 - 11 - 2*a + p. Calculate v(-4).
13
Let a(d) be the second derivative of d**4/12 - 5*d**3/3 - 21*d**2/2 - 1632*d. Calculate a(12).
3
Let m(o) = 0*o - 4*o**3 - 29 + 3*o**2 + 4*o**3 + 30 - 2*o - 3*o**3. Let g(b) = b**3 + 9*b**2 - b - 7. Let k be g(-9). What is m(k)?
-15
Let k(s) = -2*s**2 - 3*s + 15. Let z be (-3680)/368 - -1*2. Determine k(z).
-89
Let k(o) = -7*o**2 + 7*o - 13. Let x(j) be the first derivative of -11*j**3/3 + 5*j**2 - 20*j + 14. Let s(d) = -8*k(d) + 5*x(d). Calculate s(7).
11
Let m(q) = -q**3 - 48*q**2 + 2*q - 2. Let p be m(0). Let k(t) = t**3 + t**2 - t. Calculate k(p).
-2
Let o(p) = 558*p - 196*p - 192*p - 189*p. Give o(2).
-38
Let h(p) be the third derivative of -p**6/120 - 7*p**5/30 - p**4/8 - 47*p**3/6 - p**2 + 298*p. Determine h(-14).
-5
Suppose -70*z + 200 = -120*z. Let h(p) = -5*p**2 + p + 12. Let d(y) = 6*y**2 - y**2 + y**2 - 6 - 7. Let r(m) = 6*d(m) + 7*h(m). Calculate r(z).
-6
Let w(s) = -15*s + 5. Let x(c) = -13*c + 4. Suppose -5*v - 63 = -88. Let n(o) = v*x(o) - 4*w(o). Determine n(-7).
35
Suppose 4*v = 19 + 17. Let n be (-3 - -6)/v*-39. Let x(g) = -g**2 - 11*g + 20. Let c be x(n). Let t(i) = -i. What is t(c)?
6
Let k(v) = 2*v**2 + 8*v - 90*v**3 - 11*v + 4*v - 1 + 89*v**3. Let z(j) = -3*j**3 + j**2 + 11*j - 11. Let h(a) = -2*k(a) + z(a). Give h(-5).
-4
Let q(z) = 15*z - 14. Let f = 7901 - 7907. What is q(f)?
-104
Suppose -v - 3*f + 2*f = -7, -2*f + 12 = v. Let g(p) = -8*p**2 - 3*p - 1 - v + p + 9*p**2. Determine g(4).
5
Let o(c) = 5*c**3 + 12*c**2 - 2. Suppose 177 = -3*w + r + 160, -3*w + 2*r - 25 = 0. Give o(w).
-29
Let c(r) = 8*r**3 + 7*r**2 - 62*r - 23. Let b(w) = 3*w**3 + 2*w**2 - 22*w - 8. Let k(d) = -11*b(d) + 4*c(d). What is k(3)?
5
Let p(j) = -j**2 - j. Let s = -4 + 5. Let z be 1/(4*s/12). Suppose -z*x + 21 = -w + 5, -3*w + 12 = 3*x. Give p(w).
0
Let h(p) = 27*p**3 + 34*p**2 + 20*p - 2. Let f(t) = -2*t**3 - 3*t**2 - t - 1. Let u(y) = -13*f(y) - h(y). Determine u(4).
3
Let c(w) = -w**2 - 19714 - 19699 + 39419 - 6*w. Let t(g) = -g - 2. Let z be t(-5). Suppose 9 = z*k + 24. Determine c(k).
11
Let c(r) = r**3 + r**2 - r. Let q(h) = 3*h**3 + 6*h**2 - 8*h + 2. Let g(x) = -4*c(x) + q(x). Let y = -4234 - -4237. Calculate g(y).
-19
Let i = -19 + 27. Let f(l) = 2*l**3 - i + 5 - 6*l**2 + 4 - l**3 + 4*l. Calculate f(5).
-4
Let k(w) = -8*w - 168. Let h = 12452 - 12473. Determine k(h).
0
Suppose 0 = -o - 0*o + 4. Let g(h) be the third derivative of 0 - 2/3*h**3 + 0*h + 47*h**2 - 1/60*h**5 + 1/8*h**4. Give g(o).
-8
Suppose 0 = -61*y - 133*y + 1746. Let a(p) = 16*p - 126. What is a(y)?
18
Let l(f) be the second derivative of -f**4/3 + f**3/3 - 2*f**2 - 203*f + 4. What is l(-5)?
-114
Let s(o) = 3*o**3 + o**2 - o + 3. Let w(j) = 14*j**3 + 6*j**2 + 2*j + 4. Let t(r) = -5*s(r) + w(r). Give t(4).
-31
Let w = -11 - -15. Let k(g) be the third deri